{"id":14217,"date":"2026-04-13T06:04:27","date_gmt":"2026-04-13T06:04:27","guid":{"rendered":"https:\/\/artcasa.com.co\/?post_type=product&#038;p=14217"},"modified":"2026-04-14T19:31:52","modified_gmt":"2026-04-14T19:31:52","slug":"coleccion-liverpool","status":"publish","type":"product","link":"https:\/\/artcasa.com.co\/?product=coleccion-liverpool","title":{"rendered":"Colecci\u00f3n Liverpool"},"content":{"rendered":"","protected":false},"excerpt":{"rendered":"<table width=\"326\">\n<tbody>\n<tr>\n<td colspan=\"2\" width=\"326\"><strong>COLECCI\u00d3N: LIVERPOOL<\/strong><\/td>\n<\/tr>\n<tr>\n<td width=\"168\"><\/td>\n<td width=\"158\"><\/td>\n<\/tr>\n<tr>\n<td colspan=\"2\" width=\"326\"><strong>TIPO DE TELA: JACQUARD<\/strong><\/td>\n<\/tr>\n<tr>\n<td width=\"168\"><strong>ANCHO:<\/strong><\/td>\n<td width=\"158\">1.44 MTS<\/td>\n<\/tr>\n<tr>\n<td width=\"168\"><strong>COMPOSICI\u00d3N:<\/strong><\/td>\n<td width=\"158\">100% POLIESTER<\/td>\n<\/tr>\n<tr>\n<td width=\"168\"><strong>PESO:<\/strong><\/td>\n<td width=\"158\">740 GR\/ML<\/td>\n<\/tr>\n<tr>\n<td width=\"168\"><strong>TAMA\u00d1O DEL ROLLO:<\/strong><\/td>\n<td width=\"158\">40 MTS APROX<\/td>\n<\/tr>\n<\/tbody>\n<\/table>\n<p>NOTA: LIGERO CAMBIO DE TONO EN DIFERENTES LOTES.<\/p>\n<p>&nbsp;<\/p>\n<table width=\"334\">\n<tbody>\n<tr>\n<td width=\"334\"><strong>MANTENIMIENTO GENERAL<\/strong><\/p>\n<p>Aspira el polvo y cepillar posteriormente con suavidad.<\/p>\n<p><strong>MANCHAS:<\/strong> Absorber la mancha lo antes posible con un pa\u00f1o seco y limpiarla utilizando un pa\u00f1o blanco h\u00famedo con jab\u00f3n neutro y agua tibia sobre toda la superficie. Dejar secar al aire y evitar la exposici\u00f3n directa al sol.<\/p>\n<p>Se aconseja lavado en seco.<\/p>\n<p>&nbsp;<\/td>\n<\/tr>\n<\/tbody>\n<\/table>\n","protected":false},"featured_media":14216,"template":"","meta":[],"product_brand":[],"product_cat":[108,291],"product_tag":[951],"class_list":{"0":"post-14217","1":"product","2":"type-product","3":"status-publish","4":"has-post-thumbnail","6":"product_cat-tapiceria","7":"product_cat-telas-en-stock","8":"product_tag-jacquard","10":"first","11":"instock","12":"featured","13":"shipping-taxable","14":"purchasable","15":"product-type-variable"},"_links":{"self":[{"href":"https:\/\/artcasa.com.co\/index.php?rest_route=\/wp\/v2\/product\/14217","targetHints":{"allow":["GET"]}}],"collection":[{"href":"https:\/\/artcasa.com.co\/index.php?rest_route=\/wp\/v2\/product"}],"about":[{"href":"https:\/\/artcasa.com.co\/index.php?rest_route=\/wp\/v2\/types\/product"}],"wp:featuredmedia":[{"embeddable":true,"href":"https:\/\/artcasa.com.co\/index.php?rest_route=\/wp\/v2\/media\/14216"}],"wp:attachment":[{"href":"https:\/\/artcasa.com.co\/index.php?rest_route=%2Fwp%2Fv2%2Fmedia&parent=14217"}],"wp:term":[{"taxonomy":"product_brand","embeddable":true,"href":"https:\/\/artcasa.com.co\/index.php?rest_route=%2Fwp%2Fv2%2Fproduct_brand&post=14217"},{"taxonomy":"product_cat","embeddable":true,"href":"https:\/\/artcasa.com.co\/index.php?rest_route=%2Fwp%2Fv2%2Fproduct_cat&post=14217"},{"taxonomy":"product_tag","embeddable":true,"href":"https:\/\/artcasa.com.co\/index.php?rest_route=%2Fwp%2Fv2%2Fproduct_tag&post=14217"}],"curies":[{"name":"wp","href":"https:\/\/api.w.org\/{rel}","templated":true}]}}