{"id":10474,"date":"2020-04-05T18:30:59","date_gmt":"2020-04-05T18:30:59","guid":{"rendered":"https:\/\/elfolder.com\/artcasa\/?post_type=product&#038;p=10474"},"modified":"2026-04-19T00:03:05","modified_gmt":"2026-04-19T00:03:05","slug":"coleccion-orlean","status":"publish","type":"product","link":"https:\/\/artcasa.com.co\/?product=coleccion-orlean","title":{"rendered":"Colecci\u00f3n Orlean"},"content":{"rendered":"<p><strong>SIEMPRE SE DEBE TAPIZAR EN EL MISMO SENTIDO.<\/strong><\/p>\n<ul>\n<li>Aspira el polvo y cepillar suavemente en la direcci\u00f3n del pelo.<\/li>\n<li><strong>MANCHAS:<\/strong> Absorber la mancha lo antes posible con un pa\u00f1o seco y limpiarla en el sentido del pelo con un pa\u00f1o empapado en jab\u00f3n neutro. Dejar secar y cepillar suavemente en la direcci\u00f3n del pelo. Evitar la exposici\u00f3n directa al sol.<\/li>\n<\/ul>\n","protected":false},"excerpt":{"rendered":"<p><span class=\"tipo-de-tejido lino-tejido-plano\" style=\"color: #b3a791;\"><span class=\"attribute-value\"><strong>Tipo de tejido:<\/strong> Terciopelo<\/span><\/span><\/p>\n<table width=\"0\">\n<tbody>\n<tr>\n<td width=\"225\"><strong>ANCHO:<\/strong><\/td>\n<td width=\"205\">1.40 MTS<\/td>\n<\/tr>\n<tr>\n<td width=\"225\"><strong>COMPOSICI\u00d3N:<\/strong><\/td>\n<td width=\"205\">100% POLYESTER<\/td>\n<\/tr>\n<tr>\n<td width=\"225\"><strong>PESO:<\/strong><\/td>\n<td width=\"205\">630 GR\/ML<\/td>\n<\/tr>\n<tr>\n<td width=\"225\"><strong>TAMA\u00d1O DEL ROLLO:<\/strong><\/td>\n<td width=\"205\">50 MTS<\/td>\n<\/tr>\n<tr>\n<td width=\"225\"><strong>MARTINDALE:<\/strong><\/td>\n<td width=\"205\">&gt;100.000 CICLOS<\/td>\n<\/tr>\n<tr>\n<td width=\"225\"><strong>SOLIDEZ DEL COLOR:<\/strong><\/td>\n<td width=\"205\">AL FROTAR:4\/5 EN ISO 105-X12 A LA LUZ : 4\/5 EN ISO 105-B02<\/td>\n<\/tr>\n<tr>\n<td width=\"225\"><strong>PILLING:<\/strong><\/td>\n<td width=\"205\">4\/5 EN ISO BS 5811-1986.<\/td>\n<\/tr>\n<tr>\n<td colspan=\"2\" width=\"430\"><strong>PET FRIENDLY: <\/strong>Tejido de terciopelo en el que los hilos no pueden ser extra\u00eddos accidentalmente.<\/td>\n<\/tr>\n<\/tbody>\n<\/table>\n<blockquote><p><span class=\"custom-attributes\"><span style=\"color: #808080;\"><em><span class=\"nota ligero-cambio-de-tono-en-diferentes-lotes\"><span class=\"attribute-value\">Ligero cambio de tono en diferentes lotes.<\/span><\/span><\/em><\/span><\/span><\/p><\/blockquote>\n","protected":false},"featured_media":10711,"template":"","meta":[],"product_brand":[],"product_cat":[108,291],"product_tag":[132,112],"class_list":{"0":"post-10474","1":"product","2":"type-product","3":"status-publish","4":"has-post-thumbnail","6":"product_cat-tapiceria","7":"product_cat-telas-en-stock","8":"product_tag-lisos","9":"product_tag-terciopelo","11":"first","12":"instock","13":"shipping-taxable","14":"product-type-variable"},"_links":{"self":[{"href":"https:\/\/artcasa.com.co\/index.php?rest_route=\/wp\/v2\/product\/10474","targetHints":{"allow":["GET"]}}],"collection":[{"href":"https:\/\/artcasa.com.co\/index.php?rest_route=\/wp\/v2\/product"}],"about":[{"href":"https:\/\/artcasa.com.co\/index.php?rest_route=\/wp\/v2\/types\/product"}],"wp:featuredmedia":[{"embeddable":true,"href":"https:\/\/artcasa.com.co\/index.php?rest_route=\/wp\/v2\/media\/10711"}],"wp:attachment":[{"href":"https:\/\/artcasa.com.co\/index.php?rest_route=%2Fwp%2Fv2%2Fmedia&parent=10474"}],"wp:term":[{"taxonomy":"product_brand","embeddable":true,"href":"https:\/\/artcasa.com.co\/index.php?rest_route=%2Fwp%2Fv2%2Fproduct_brand&post=10474"},{"taxonomy":"product_cat","embeddable":true,"href":"https:\/\/artcasa.com.co\/index.php?rest_route=%2Fwp%2Fv2%2Fproduct_cat&post=10474"},{"taxonomy":"product_tag","embeddable":true,"href":"https:\/\/artcasa.com.co\/index.php?rest_route=%2Fwp%2Fv2%2Fproduct_tag&post=10474"}],"curies":[{"name":"wp","href":"https:\/\/api.w.org\/{rel}","templated":true}]}}