{"id":10859,"date":"2020-03-21T03:19:05","date_gmt":"2020-03-21T03:19:05","guid":{"rendered":"https:\/\/elfolder.com\/artcasa\/?page_id=10859"},"modified":"2025-10-09T14:44:41","modified_gmt":"2025-10-09T14:44:41","slug":"nuestras-marcas","status":"publish","type":"page","link":"https:\/\/artcasa.com.co\/?page_id=10859","title":{"rendered":"Nuestras marcas"},"content":{"rendered":"\t\t<div data-elementor-type=\"wp-page\" data-elementor-id=\"10859\" class=\"elementor elementor-10859\" data-elementor-post-type=\"page\">\n\t\t\t\t<div class=\"elementor-element elementor-element-76c83af e-flex e-con-boxed e-con e-parent\" data-id=\"76c83af\" data-element_type=\"container\" data-e-type=\"container\">\n\t\t\t\t\t<div class=\"e-con-inner\">\n\t\t\t\t<div class=\"elementor-element elementor-element-78f71b7 elementor-widget elementor-widget-text-editor\" data-id=\"78f71b7\" data-element_type=\"widget\" data-e-type=\"widget\" data-widget_type=\"text-editor.default\">\n\t\t\t\t\t\t\t\t\t<div class=\"wpb_text_column wpb_content_element \"><div class=\"wpb_wrapper\"><h2>Nuestras Marcas<\/h2><\/div><\/div>\t\t\t\t\t\t\t\t<\/div>\n\t\t\t\t\t<\/div>\n\t\t\t\t<\/div>\n\t\t<div class=\"elementor-element elementor-element-8e988cb e-flex e-con-boxed e-con e-parent\" data-id=\"8e988cb\" data-element_type=\"container\" data-e-type=\"container\">\n\t\t\t\t\t<div class=\"e-con-inner\">\n\t\t<div class=\"elementor-element elementor-element-a3ad1d4 e-con-full e-flex e-con e-child\" data-id=\"a3ad1d4\" data-element_type=\"container\" data-e-type=\"container\">\n\t\t\t\t<div class=\"elementor-element elementor-element-0a37bd3 elementor-widget elementor-widget-image\" data-id=\"0a37bd3\" data-element_type=\"widget\" data-e-type=\"widget\" data-widget_type=\"image.default\">\n\t\t\t\t\t\t\t\t\t\t\t\t\t\t\t<img fetchpriority=\"high\" decoding=\"async\" width=\"670\" height=\"451\" src=\"https:\/\/artcasa.com.co\/wp-content\/uploads\/2020\/03\/ARTCO.jpg\" class=\"attachment-full size-full wp-image-10860\" alt=\"\" srcset=\"https:\/\/artcasa.com.co\/wp-content\/uploads\/2020\/03\/ARTCO.jpg 670w, https:\/\/artcasa.com.co\/wp-content\/uploads\/2020\/03\/ARTCO-600x404.jpg 600w, https:\/\/artcasa.com.co\/wp-content\/uploads\/2020\/03\/ARTCO-300x202.jpg 300w, https:\/\/artcasa.com.co\/wp-content\/uploads\/2020\/03\/ARTCO-416x280.jpg 416w\" sizes=\"(max-width: 670px) 100vw, 670px\" \/>\t\t\t\t\t\t\t\t\t\t\t\t\t\t\t<\/div>\n\t\t\t\t<div class=\"elementor-element elementor-element-f629f5d elementor-widget elementor-widget-text-editor\" data-id=\"f629f5d\" data-element_type=\"widget\" data-e-type=\"widget\" data-widget_type=\"text-editor.default\">\n\t\t\t\t\t\t\t\t\t<h3 class=\"js-el heading-tag la-unit-responsive\">Artco<\/h3><div class=\"js-el subheading-tag la-unit-responsive\" data-la_component=\"UnitResponsive\" data-el_target=\"#la_heading_5e7585db2300f .subheading-tag\" data-el_media_sizes=\"{&quot;font-size&quot;:&quot;lg:12px;&quot;,&quot;line-height&quot;:&quot;lg:30px;&quot;}\"><p>Las referencias m\u00e1s exclusivas y de alta calidad que incorporan la experiencia de las m\u00e1s reconocidas fabricas mundiales en combinaci\u00f3n con las ultimas tecnolog\u00edas, as\u00ed como las fibras de mayor nivel son las caracter\u00edsticas de la marca Artco. Aqu\u00ed puede obtener los dise\u00f1os de \u00faltima tendencia que se exhiben en las m\u00e1s reconocidas ferias internacionales para entrega inmediata.<\/p><\/div>\t\t\t\t\t\t\t\t<\/div>\n\t\t\t\t<\/div>\n\t\t<div class=\"elementor-element elementor-element-c83c65c e-con-full e-flex e-con e-child\" data-id=\"c83c65c\" data-element_type=\"container\" data-e-type=\"container\">\n\t\t\t\t<div class=\"elementor-element elementor-element-8e8ae32 elementor-widget elementor-widget-image\" data-id=\"8e8ae32\" data-element_type=\"widget\" data-e-type=\"widget\" data-widget_type=\"image.default\">\n\t\t\t\t\t\t\t\t\t\t\t\t\t\t\t<img decoding=\"async\" width=\"670\" height=\"451\" src=\"https:\/\/artcasa.com.co\/wp-content\/uploads\/2020\/03\/LA-CITE.jpg\" class=\"attachment-full size-full wp-image-10863\" alt=\"\" srcset=\"https:\/\/artcasa.com.co\/wp-content\/uploads\/2020\/03\/LA-CITE.jpg 670w, https:\/\/artcasa.com.co\/wp-content\/uploads\/2020\/03\/LA-CITE-600x404.jpg 600w, https:\/\/artcasa.com.co\/wp-content\/uploads\/2020\/03\/LA-CITE-300x202.jpg 300w, https:\/\/artcasa.com.co\/wp-content\/uploads\/2020\/03\/LA-CITE-416x280.jpg 416w\" sizes=\"(max-width: 670px) 100vw, 670px\" \/>\t\t\t\t\t\t\t\t\t\t\t\t\t\t\t<\/div>\n\t\t\t\t<div class=\"elementor-element elementor-element-00ed7a2 elementor-widget elementor-widget-text-editor\" data-id=\"00ed7a2\" data-element_type=\"widget\" data-e-type=\"widget\" data-widget_type=\"text-editor.default\">\n\t\t\t\t\t\t\t\t\t<h3 class=\"js-el heading-tag la-unit-responsive\">La Citte<\/h3><div class=\"js-el subheading-tag la-unit-responsive\" data-la_component=\"UnitResponsive\" data-el_target=\"#la_heading_5e7585db2358f .subheading-tag\" data-el_media_sizes=\"{&quot;font-size&quot;:&quot;lg:12px;&quot;,&quot;line-height&quot;:&quot;lg:30px;&quot;}\"><p>La calidad y el precio son las caracter\u00edsticas de la marca \u201cla cite\u201d. Comprar a un precio muy competitivo una tela garantizada, moderna y de tendencia se puede lograr cuando usted adquiere alguna de estas colecciones. Es por esto que cada vez crece m\u00e1s y m\u00e1s nuestra oferta de productos enfocados a los clientes que conf\u00edan en obtener lo mejor.<\/p><\/div>\t\t\t\t\t\t\t\t<\/div>\n\t\t\t\t<\/div>\n\t\t\t\t\t<\/div>\n\t\t\t\t<\/div>\n\t\t<div class=\"elementor-element elementor-element-569c9bb e-flex e-con-boxed e-con e-parent\" data-id=\"569c9bb\" data-element_type=\"container\" data-e-type=\"container\">\n\t\t\t\t\t<div class=\"e-con-inner\">\n\t\t\t\t<div class=\"elementor-element elementor-element-3b7309e elementor-widget elementor-widget-text-editor\" data-id=\"3b7309e\" data-element_type=\"widget\" data-e-type=\"widget\" data-widget_type=\"text-editor.default\">\n\t\t\t\t\t\t\t\t\t<div class=\"wpb_text_column wpb_content_element \"><div class=\"wpb_wrapper\"><h2>Distribuidores Exclusivos<\/h2><\/div><\/div>\t\t\t\t\t\t\t\t<\/div>\n\t\t\t\t<div class=\"elementor-element elementor-element-6f0d4b5 elementor-widget elementor-widget-image\" data-id=\"6f0d4b5\" data-element_type=\"widget\" data-e-type=\"widget\" data-widget_type=\"image.default\">\n\t\t\t\t\t\t\t\t\t\t\t\t\t\t\t<img decoding=\"async\" width=\"2080\" height=\"2008\" src=\"https:\/\/artcasa.com.co\/wp-content\/uploads\/2025\/07\/Flipbook-Slow-Living_EN_low_page-0004-ED.jpg\" class=\"attachment-full size-full wp-image-13829\" alt=\"\" srcset=\"https:\/\/artcasa.com.co\/wp-content\/uploads\/2025\/07\/Flipbook-Slow-Living_EN_low_page-0004-ED.jpg 2080w, https:\/\/artcasa.com.co\/wp-content\/uploads\/2025\/07\/Flipbook-Slow-Living_EN_low_page-0004-ED-600x579.jpg 600w, https:\/\/artcasa.com.co\/wp-content\/uploads\/2025\/07\/Flipbook-Slow-Living_EN_low_page-0004-ED-300x290.jpg 300w, https:\/\/artcasa.com.co\/wp-content\/uploads\/2025\/07\/Flipbook-Slow-Living_EN_low_page-0004-ED-1024x989.jpg 1024w, https:\/\/artcasa.com.co\/wp-content\/uploads\/2025\/07\/Flipbook-Slow-Living_EN_low_page-0004-ED-768x741.jpg 768w, https:\/\/artcasa.com.co\/wp-content\/uploads\/2025\/07\/Flipbook-Slow-Living_EN_low_page-0004-ED-1536x1483.jpg 1536w, https:\/\/artcasa.com.co\/wp-content\/uploads\/2025\/07\/Flipbook-Slow-Living_EN_low_page-0004-ED-2048x1977.jpg 2048w\" sizes=\"(max-width: 2080px) 100vw, 2080px\" \/>\t\t\t\t\t\t\t\t\t\t\t\t\t\t\t<\/div>\n\t\t\t\t\t<\/div>\n\t\t\t\t<\/div>\n\t\t\t\t<\/div>\n\t\t","protected":false},"excerpt":{"rendered":"<p>Nuestras Marcas Artco Las referencias m\u00e1s exclusivas y de alta calidad que incorporan la experiencia de las m\u00e1s reconocidas fabricas mundiales en combinaci\u00f3n con las ultimas tecnolog\u00edas, as\u00ed como las fibras de mayor nivel son las caracter\u00edsticas de la marca Artco. Aqu\u00ed puede obtener los dise\u00f1os de \u00faltima tendencia que se exhiben en las m\u00e1s [&hellip;]<\/p>\n","protected":false},"author":1,"featured_media":0,"parent":0,"menu_order":0,"comment_status":"closed","ping_status":"closed","template":"","meta":{"footnotes":""},"class_list":["post-10859","page","type-page","status-publish","hentry"],"_links":{"self":[{"href":"https:\/\/artcasa.com.co\/index.php?rest_route=\/wp\/v2\/pages\/10859","targetHints":{"allow":["GET"]}}],"collection":[{"href":"https:\/\/artcasa.com.co\/index.php?rest_route=\/wp\/v2\/pages"}],"about":[{"href":"https:\/\/artcasa.com.co\/index.php?rest_route=\/wp\/v2\/types\/page"}],"author":[{"embeddable":true,"href":"https:\/\/artcasa.com.co\/index.php?rest_route=\/wp\/v2\/users\/1"}],"replies":[{"embeddable":true,"href":"https:\/\/artcasa.com.co\/index.php?rest_route=%2Fwp%2Fv2%2Fcomments&post=10859"}],"version-history":[{"count":19,"href":"https:\/\/artcasa.com.co\/index.php?rest_route=\/wp\/v2\/pages\/10859\/revisions"}],"predecessor-version":[{"id":14110,"href":"https:\/\/artcasa.com.co\/index.php?rest_route=\/wp\/v2\/pages\/10859\/revisions\/14110"}],"wp:attachment":[{"href":"https:\/\/artcasa.com.co\/index.php?rest_route=%2Fwp%2Fv2%2Fmedia&parent=10859"}],"curies":[{"name":"wp","href":"https:\/\/api.w.org\/{rel}","templated":true}]}}